-1). Determine n(z).
5
Let u(h) = -2*h**2 - 53*h - 4*h**2 - 3*h**3 + 47*h + 4*h**3 - 10. Determine u(7).
-3
Let x(y) = 2*y**2 + 1. Let l be x(-1). Let n(p) = p**2 + 4. Calculate n(l).
13
Let a be (-3)/1*-1 - 1. Let m(j) = -j**a + 2*j**3 + 3*j - j**3 - 5 - 1 - 4*j. Give m(0).
-6
Let s(q) = 4*q - 3. Let a(c) = 17*c - 13. Let p(v) = -2*a(v) + 9*s(v). Let u be p(2). Let t(d) = d**u - 3*d + 3*d + 8. Determine t(0).
8
Let q(p) = -2*p + 5 + 10 - 5 - 2. What is q(6)?
-4
Let v(b) = -2*b**2 - 4*b + 1. Let s = 41 + -44. Give v(s).
-5
Let q = -8 + 9. Suppose 19 + q = 2*c. Suppose -2*g + 4 = -w - 3, 5*g - c = w. Let u(m) = -4*m**2 + 1. Give u(g).
-3
Let l(z) = 7*z**2 + 3*z + 11. Let s(v) = v**2 - 7*v + 1. Let y(m) = 2*m**2 - 15*m + 2. Let i(d) = 13*s(d) - 6*y(d). Let q(a) = 6*i(a) - l(a). What is q(-8)?
3
Let a(s) be the second derivative of -3*s**5/10 - s**3/6 - s**2/2 - 7*s. Determine a(-1).
6
Suppose -1 = 2*y + 5. Let g(s) = s**2 + 5*s + 2. Give g(y).
-4
Suppose 3*i - 2 = 4. Let a(q) = q**3 - q**2 - 2*q + 3. Let s be a(i). Let h(z) = 1 + z**s + z + 2*z**2 + z**2 + z**2. Determine h(-4).
-3
Let j(l) = 8*l. Suppose 0 = -2*p - y + 6, -3*p + 0*y - 3*y + 15 = 0. Give j(p).
8
Let m(i) = i. Let l = 201 - 193. Give m(l).
8
Suppose -8*h = -3*h - 25. Let u = h - 4. Let z(m) = 3*m**3 + 2*m - 1. What is z(u)?
4
Let u(d) = -53*d + 108*d + 1 - 53*d. What is u(-5)?
-9
Suppose 2*c + 4 = 4*c. Let s(p) = -p**3 - p**2 + 2*p. What is s(c)?
-8
Let q(n) be the third derivative of n**4/24 + n**3/3 + 11*n**2. Determine q(-3).
-1
Suppose n = -f - 7, -f = 5*n + 15 - 4. Let a(l) = l + 4 - 5 + 5 - 2. What is a(f)?
-4
Let f(m) = m**3 - 8*m**2 - 6*m + 9. Let c(i) = i**3 + 1. Let l(z) = 2*c(z) - f(z). Give l(-7).
0
Suppose -3*y + 4 = -4*t, 5*t - 2*y + 0*y = 2. Suppose -3 = -t*u + 3. Let g(r) be the third derivative of r**4/12 + r**3/6 + r**2 + 30*r. What is g(u)?
7
Suppose 3*p - 4*l - 9 = 0, -5 = -p - 5*l - 21. Let r(z) = 10*z**2 - z - 1. Determine r(p).
10
Let w(u) be the first derivative of -u + 2 - 1/2*u**2. Calculate w(-3).
2
Suppose 29*r = 30*r. Let m(s) = 0 + 3*s + s**3 - 7 - s**2 - 2*s. What is m(r)?
-7
Let m(a) = -2*a**2 + 6*a + 19. Let j(i) = i**2 - 3*i - 9. Let y(f) = 5*j(f) + 2*m(f). Give y(6).
11
Let g = -11 + 11. Let b(r) = -r**2 - r - 5. What is b(g)?
-5
Let z(m) be the first derivative of 5*m**3/3 - m + 7. Give z(1).
4
Let h(w) = -w**3 - 13*w**2 - 12*w - 5. Let b be h(-12). Let j(x) be the second derivative of x**3/6 + 3*x**2 + x. Give j(b).
1
Let d = 17 - 16. Let f(a) = 2*a**2 - a. Determine f(d).
1
Let k(p) be the third derivative of -p**6/120 + p**5/30 + p**3/6 - 10*p**2. Give k(2).
1
Let r(u) = 6*u - 2. Let a(d) = -1. Let h(w) = -2*a(w) + r(w). Suppose -3*b - 27 = -30. Determine h(b).
6
Let c(h) be the first derivative of -2*h**3 - 3*h**2/2 - h + 30. Give c(-2).
-19
Let v(z) = 11*z - z**2 - 9*z - 4*z. Determine v(2).
-8
Let s be ((-6)/(-12))/((-1)/12). Let d(r) = r**2 + 7*r - 8. What is d(s)?
-14
Let b(c) = -5*c**3 + 6*c**2 + c - 4. Suppose -5*k + 10*k = 5. Let j(h) = -h**2 + 1 + 2*h - 3*h + 2*h + h**3. Let a(s) = k*b(s) + 4*j(s). Determine a(4).
-12
Let j(w) be the first derivative of -w**4/4 + 7*w**3/3 - 5*w**2/2 - 5*w + 6. Determine j(6).
1
Let q(n) be the first derivative of 2*n**2 - 3*n - 2. Let b(g) = -5*g + 4. Let a(s) = 3*b(s) + 4*q(s). What is a(4)?
4
Let a be -2*(-2 + -2)/4. Let m(c) = c**3 - 2*c**2 + 2*c - 2. Calculate m(a).
2
Let v(q) = -q**2 + 4*q + 4. Let k be v(5). Let c be k/2 + (-1)/(-2). Let i(f) = c + 2*f - f - 2. What is i(2)?
0
Let t(d) = -4*d**3 - 13*d**2 - 37. Let s(j) = j**3 - j + 9 + j + 3*j**2. Let c(u) = 9*s(u) + 2*t(u). Suppose 22*v = 14*v + 11*v. Calculate c(v).
7
Let a(c) = 2*c + 1. Let k be a(2). Let h = k + -4. Let v be h/(-3)*0 + -3. Let p(m) = -m**3 - 5*m**2 - 3*m + 3. Determine p(v).
-6
Suppose -2*t + 2*r = 16, 4*r + 16 + 18 = -2*t. Let y = 11 + t. Let q(x) = x + 4. What is q(y)?
4
Let x = 1 - 4. Let l = 5 + x. Let u(z) = 586*z - 295*z - 294*z. Give u(l).
-6
Let a be -1*((5 - 3) + -13). Suppose a*g - 6*g = 20. Let m(n) be the third derivative of -n**5/60 + n**4/4 - n**3 - n**2. Calculate m(g).
2
Suppose -t - 22 = -5*o, 0 = 2*t + 2*t + 3*o - 27. Let a(k) = -6*k + 0 - t - 2 + 1 - k**2. What is a(-3)?
5
Let n(l) be the third derivative of l**6/120 - l**5/20 - l**4/24 - l**3/6 + 3*l**2. Calculate n(2).
-7
Let q(n) be the third derivative of -n**4/8 + 18*n**2. Calculate q(2).
-6
Let y(z) = 4*z**2 - 4*z + 3. Suppose 5*n = 14*n - 18. Calculate y(n).
11
Let z be (6/(-2))/(-3)*2. Let m(l) = -l - l - 2 + l + z*l. What is m(5)?
3
Let u(b) be the first derivative of -4 - 1/2*b**2 + 7*b. Determine u(-5).
12
Let y be (-2)/(-2) - (1 - (-4 + 5)). Let s(l) = -12*l**3 - l**2 + l - 1. What is s(y)?
-13
Let f(a) = -4*a + 0*a**3 - a**3 + 6*a**2 + 4*a - 6*a. Let u be f(4). Suppose 2*j + u = -0*j. Let n(x) = -x - 1. Determine n(j).
3
Suppose -5*n = -59 + 19. Suppose 3*j = n*j. Let t(a) = -5 - 5*a**3 + 5*a**2 + 4*a**3 + j*a**3 - a. What is t(4)?
7
Let z(d) = 4*d**2 + 9*d - 1. Let o(f) = -5*f**2 + 3*f**2 - 1 + 2*f**2 - f - f**2. Let j(x) = -3*o(x) - z(x). Determine j(-5).
9
Suppose -2*j + 4 = -4. Let h(p) = 2 + p**2 - p + p + j*p. Let s be 76/(-28) - (-4)/(-14). Give h(s).
-1
Let x(n) = -n + 9. Let l(g) = -2*g + 14. Let a be l(4). What is x(a)?
3
Let w(g) be the first derivative of -g**4/4 - g**3 - g**2 + 2*g - 6. Give w(-3).
8
Let s(n) = 4*n**2 - 6*n + 9. Let x(b) = -6*b**2 + 9*b - 14. Let y(o) = 8*s(o) + 5*x(o). Let q be ((-3)/(-2))/(30/40). What is y(q)?
4
Let n(s) = s. Let w(j) = 2 - 1 + j - j**2 + 0. Let a(m) = -3*n(m) + 2*w(m). Let p(r) = r**3 + 11*r**2 - 14*r - 22. Let y be p(-12). Determine a(y).
-8
Let p(i) = i**2 + 12*i - 12. Let w be p(-12). Let o be (-4)/(-16) + (-9)/w. Let d(s) = -5*s**2 + 1. Calculate d(o).
-4
Let y(t) = t**3 + 2*t**2 + 1. Let d(o) be the second derivative of -7/2*o**2 + 0 + 3*o - 1/20*o**5 - 2/3*o**3 + 1/2*o**4. Let p be d(5). What is y(p)?
1
Let f(s) = 2*s**2 - 2*s - 1. Let i be f(-1). Let j be (i - 2) + 1 + -1. Let k(p) = 2 + 4 + p**2 - 5. What is k(j)?
2
Let c be 9/(-12) + (-150)/(-8). Let p be 4/c - 188/36. Let w(o) = 0*o - 3*o - o**3 - 6*o**2 + 2 - 4. Determine w(p).
-12
Let z(m) = m**3 - 4*m**2 - 4*m + 2. Let h = 7 + -2. Give z(h).
7
Let u(c) = c - 8. Let k be u(13). Let n(d) = d**2 - 4*d + 7. Calculate n(k).
12
Let t(i) = -i + 7. Let v be t(5). Let p(q) = 1 + 7*q + 2*q**3 - 4*q + 0 - v*q. Suppose k + 0 = -1. What is p(k)?
-2
Let a(i) = -i. Let w(f) = f**2 + 5. Let u be w(0). Suppose 5*v + n = u*n + 2, -2*v = 5*n + 19. Calculate a(v).
2
Suppose -42 = -14*h + 7*h. Let s(f) be the first derivative of -f**3/3 + 3*f**2/2 + 8*f + 1. Give s(h).
-10
Let m(g) = g**3 + 5*g**2 - 2*g + 3. Let c = -76 - -71. Give m(c).
13
Let k = 187 + -556/3. Let q(x) be the first derivative of 7*x + 1/4*x**4 + 1 - 2*x**2 + k*x**3. Calculate q(-6).
-5
Let s(z) be the third derivative of 0*z**3 + 0 - 1/30*z**5 + 0*z**4 + 0*z + 4*z**2. What is s(1)?
-2
Let o(n) = -n - 1. Let g(v) = 5*v + 3. Let q(i) = g(i) + 3*o(i). Suppose 4*p + 0 = 4. Suppose 2*l = l - p. What is q(l)?
-2
Let g(b) = -b - 5. Let d(p) = 5*p**2 + 0*p**3 + p - p**3 + p**2 - 1. Let x be d(6). Suppose -x*u - 17 = 3. Give g(u).
-1
Let d(x) = x**2 - 5*x + 4. Suppose 4*f - 34 = -2. Let h be (-20)/(-2)*f/20. Determine d(h).
0
Let j be (-4 + 7)/((-9)/6). Let h(y) = -y - 2. Give h(j).
0
Let r be 51/(-9) - 7/21. Let k(q) = -3*q - 6. Give k(r).
12
Let w(c) = 3*c + 1. Suppose -5*p - 1 = -4*p. Calculate w(p).
-2
Let i(y) = 3*y**2 + y + 2. Let d be i(-2). Let b(a) = 17*a - a**2 - d*a + 0*a**2 - 7. Determine b(5).
-7
Let g(r) = r**3 + 4*r**2 - 5*r + 5. Let q = -6 + 11. Suppose -23 = q*o + 2. Calculate g(o).
5
Let m(u) be the second derivative of u**4/4 - u**3/6 + 60*u. Let o = -2 + 0. Give m(o).
14
Let t(h) = 5*h**2 + 7*h - 4*h**2 - 7 - 11*h - 6*h. Give t(10).
-7
Let o(s) be the second derivative of 0*s**2 + 0 + 2*s - 1/6*s**3. Let m be (-7)/(-49) + (-2)/14. Determine o(m).
0
Let h(c) = 7*c - 1. Let j be (-2)/(4/(-2))*0. Suppose -5*s = -5*k - 20, 3*s - 5 - 8 = 4*k. Suppose j = 7*p - 4*p - s. Determine h(p).
6
Let v(g) = g**2 + g + 2. Let t be v(0). Let i(s) = 2*s**2 + 2*s**3 + 4*s**t - 1 - 4*s**2. Suppose -3*j + 5*f + 3 = 0, j + 4*j = 5*f + 5. Calculate i(j).
3
Let r(k) = -k**3 - 5*k**2 + 11